mon divisor of 82 and 12587.
41
What is the greatest common divisor of 4424 and 56?
56
What is the greatest common factor of 18648 and 42?
42
Calculate the highest common factor of 177 and 472.
59
Calculate the greatest common divisor of 300 and 132.
12
Calculate the greatest common factor of 272 and 1428.
68
What is the highest common divisor of 93 and 248?
31
What is the highest common factor of 8 and 101?
1
What is the highest common factor of 63 and 119?
7
Calculate the greatest common divisor of 4061 and 31.
31
Calculate the greatest common factor of 22 and 129976.
22
What is the greatest common divisor of 17 and 3332?
17
Calculate the highest common factor of 28 and 896.
28
What is the highest common factor of 532 and 56?
28
Calculate the greatest common divisor of 1755 and 15.
15
What is the greatest common factor of 21 and 147?
21
Calculate the highest common factor of 1333 and 43.
43
Calculate the greatest common divisor of 264 and 1496.
88
What is the highest common divisor of 306 and 459?
153
Calculate the highest common divisor of 171 and 304.
19
What is the greatest common factor of 2353 and 13?
13
What is the highest common factor of 355 and 80?
5
Calculate the highest common factor of 292 and 7154.
146
What is the highest common factor of 60 and 15540?
60
Calculate the highest common factor of 28 and 364.
28
What is the greatest common factor of 6941 and 11?
11
What is the highest common factor of 91 and 49?
7
Calculate the greatest common factor of 1085 and 105.
35
What is the greatest common factor of 371 and 14?
7
What is the highest common divisor of 21 and 567?
21
Calculate the greatest common divisor of 2328 and 312.
24
Calculate the highest common factor of 6720 and 540.
60
What is the highest common divisor of 7 and 189?
7
Calculate the highest common factor of 1480 and 120.
40
What is the greatest common divisor of 1967 and 28?
7
What is the highest common factor of 129 and 14577?
129
Calculate the greatest common divisor of 189 and 243.
27
Calculate the greatest common factor of 42 and 238.
14
What is the greatest common divisor of 221 and 585?
13
Calculate the highest common factor of 30 and 285.
15
What is the highest common factor of 432 and 192?
48
Calculate the highest common divisor of 10 and 2570.
10
Calculate the highest common divisor of 104 and 2808.
104
What is the highest common factor of 36 and 104?
4
What is the greatest common divisor of 318 and 6837?
159
Calculate the greatest common factor of 234 and 104.
26
Calculate the greatest common factor of 97 and 35890.
97
Calculate the greatest common factor of 1744 and 16.
16
What is the greatest common divisor of 600 and 144?
24
Calculate the highest common factor of 6 and 2502.
6
What is the greatest common divisor of 143 and 52?
13
What is the highest common factor of 18525 and 375?
75
What is the highest common divisor of 8854 and 114?
38
Calculate the greatest common factor of 10 and 6070.
10
What is the highest common divisor of 88 and 77?
11
What is the highest common divisor of 208 and 632?
8
Calculate the greatest common divisor of 6321 and 147.
147
What is the highest common divisor of 115 and 4945?
115
Calculate the highest common divisor of 1467 and 9.
9
Calculate the greatest common divisor of 480 and 72.
24
What is the highest common divisor of 801 and 9?
9
What is the greatest common factor of 34 and 3842?
34
Calculate the greatest common divisor of 2057 and 68.
17
Calculate the greatest common factor of 3066 and 189.
21
What is the highest common divisor of 26 and 3861?
13
What is the highest common divisor of 1287 and 26?
13
What is the highest common divisor of 711 and 2686?
79
Calculate the highest common factor of 9 and 4911.
3
Calculate the highest common factor of 2184 and 156.
156
What is the highest common factor of 234 and 18?
18
Calculate the highest common factor of 246 and 3280.
82
Calculate the greatest common factor of 2354 and 107.
107
Calculate the greatest common factor of 128 and 3200.
128
What is the highest common divisor of 210 and 63?
21
Calculate the greatest common divisor of 34 and 153.
17
Calculate the highest common factor of 385 and 880.
55
What is the highest common divisor of 1224 and 1377?
153
What is the greatest common divisor of 1074 and 12?
6
What is the greatest common factor of 6 and 26?
2
Calculate the greatest common factor of 5633 and 43.
43
What is the greatest common divisor of 19635 and 35?
35
Calculate the greatest common divisor of 122 and 427.
61
Calculate the highest common divisor of 3403 and 287.
41
Calculate the greatest common factor of 3213 and 476.
119
What is the highest common divisor of 49 and 6678?
7
What is the greatest common factor of 60 and 2740?
20
What is the highest common divisor of 885 and 15?
15
Calculate the greatest common factor of 84 and 384.
12
Calculate the highest common divisor of 25 and 5175.
25
Calculate the greatest common divisor of 2152 and 16.
8
Calculate the highest common divisor of 1330 and 490.
70
Calculate the greatest common divisor of 19 and 95.
19
Calculate the highest common factor of 1024 and 320.
64
Calculate the highest common divisor of 42 and 24.
6
What is the greatest common factor of 3358 and 138?
46
What is the greatest common factor of 3115 and 175?
35
Calculate the greatest common factor of 330 and 1188.
66
Calculate the highest common divisor of 1245 and 45.
15
What is the greatest common factor of 26 and 806?
26
Calculate the greatest common factor of 12 and 2076.
12
Calculate the greatest common divisor of 38 and 266.
38
What is the highest common factor of 94 and 611?
47
What is the highest common divisor of 2415 and 945?
105
Calculate the greatest common factor of 39 and 3237.
39
Calculate the greatest common divisor of 78 and 3471.
39
Calculate the greatest common divisor of 164 and 41.
41
Calculate the highest common divisor of 23 and 46.
23
Calculate the greatest common factor of 2156 and 77.
77
What is the highest common divisor of 22 and 5962?
22
Calculate the greatest common divisor of 87916 and 124.
124
What is the greatest common divisor of 2 and 209?
1
Calculate the highest common divisor of 2 and 62.
2
Calculate the highest common factor of 1110 and 9546.
222
Calculate the greatest common divisor of 189 and 112.
7
Calculate the greatest common factor of 1458 and 12.
6
What is the greatest common divisor of 60 and 6860?
20
Calculate the highest common factor of 11873 and 31.
31
Calculate the greatest common factor of 144 and 1233.
9
What is the greatest common divisor of 91233 and 31?
31
What is the highest common divisor of 10 and 190?
10
What is the greatest common factor of 413 and 7?
7
What is the greatest common divisor of 1176 and 12?
12
What is the highest common divisor of 123 and 41?
41
Calculate the greatest common factor of 315 and 80.
5
What is the highest common divisor of 131 and 1441?
131
What is the highest common factor of 4356 and 132?
132
Calculate the greatest common divisor of 656 and 246.
82
Calculate the greatest common divisor of 145 and 3625.
145
Calculate the highest common divisor of 38 and 247.
19
Calculate the greatest common factor of 7042 and 14.
14
Calculate the highest common factor of 609 and 63.
21
What is the highest common factor of 1150 and 46?
46
What is the greatest common factor of 198 and 1474?
22
What is the greatest common divisor of 4237 and 892?
223
Calculate the greatest common factor of 16 and 22.
2
What is the highest common divisor of 4 and 356?
4
Calculate the highest common factor of 77 and 140.
7
What is the highest common divisor of 13341 and 3?
3
What is the highest common factor of 64 and 1360?
16
Calculate the highest common factor of 4 and 724.
4
What is the highest common divisor of 1485 and 693?
99
What is the greatest common divisor of 112 and 28784?
112
Calculate the greatest common divisor of 24 and 282.
6
Calculate the highest common divisor of 60 and 7668.
12
Calculate the greatest common factor of 902 and 82.
82
What is the highest common divisor of 207 and 81?
9
What is the highest common divisor of 32 and 496?
16
What is the greatest common factor of 18 and 42?
6
What is the greatest common divisor of 180 and 480?
60
Calculate the highest common divisor of 163